{"id":752,"date":"2022-11-14T11:20:31","date_gmt":"2022-11-14T11:20:31","guid":{"rendered":"https:\/\/www.cocreationcamp.com\/cocreation\/?page_id=752"},"modified":"2022-11-14T11:31:25","modified_gmt":"2022-11-14T11:31:25","slug":"meet-up-food-transition-20220908","status":"publish","type":"page","link":"https:\/\/www.cocreationcamp.com\/cocreation\/ccc\/2022-ccc\/food-transition\/meet-up-food-transition-20220908\/","title":{"rendered":"Meet-up Food Transition 20220908"},"content":{"rendered":"\n<p>Meet Up Food Transition 08.09.2022 | Dandoy x Free pour Entreprendre<br>Free pour Entreprendre x Dandoy vous invitent \u00e0 rencontrer des entrepreneurs sur le th\u00e8me de #alimentation #futur climatique<\/p>\n\n\n\n<p>\u00c0 propos de cet \u00e9v\u00e8nement<br>Maison Dandoy et Free pour Entreprendre sont ravis de vous inviter au Meet Up &#8220;Food Transition&#8221; le 08 Septembre \u00e0 Bruxelles &#x1f642;&#x1f33f;&#x1f680;<\/p>\n\n\n\n<p>Quatre CEOs, entrepreneurs inspirants de la transition alimentaire, partageront leur exp\u00e9rience sur les th\u00e8mes de l&#8217;alimentation et futur climatique, suivis par des pitchs de porteurs de projets. La soir\u00e9e se terminera par un moment de r\u00e9seautage et de visite de l&#8217;atelier de production.<\/p>\n\n\n\n<pre class=\"wp-block-code\"><code>1   Clotilde de Montpelier, Farm for Good\n2   Isabelle Coupienne, Graines de Curieux\n3   Olivier de Cartier, Copains group\n4   Maxime Vanderheyden, Ecopoon<\/code><\/pre>\n\n\n\n<p>&#x1f539;&#x1f539;&#x1f539;<br>Pour qui ?<br>Que vous d\u00e9marriez un projet d\u2019entreprise dans l\u2019alimentaire ou le d\u00e9veloppement durable, que vous cherchiez \u00e0 d\u00e9couvrir des startups innovantes ou \u00e0 r\u00e9seauter avec des professionnels qui partagent leur vision, cet \u00e9v\u00e9nement est pour vous !<\/p>\n\n\n\n<p>Programme<br>\u2022 18h00 : Accueil<br>\u2022 18h15 : T\u00e9moignages d&#8217;entrepreneurs et pitchs &#x1f3a4;<br>\u2022 19h00-20h00 : Networking libre et visite de l&#8217;atelier Dandoy<br>\u2022 20h00 : Cl\u00f4ture<\/p>\n\n\n\n<p>Date : jeudi 08 septembre 2022<\/p>\n\n\n\n<p>Adresse : Dandoy Lab, Avenue Ariane 27, 1200 Woluwe-Saint-Lambert<br>Rejoignez notre communaut\u00e9 via Linkedin https:\/\/www.linkedin.com\/company\/free-pour-entreprendre\/<\/p>\n\n\n\n<ul class=\"wp-block-list\">\n<li>R\u00c9SERVATION OBLIGATOIRE. Merci de nous informer en cas d\u2019annulation (places limit\u00e9es) *<\/li>\n<\/ul>\n\n\n\n<p>&#x1f539;&#x1f539;&#x1f539;<\/p>\n\n\n\n<p>Le concept des Meet Up de Free pour Entreprendre<br>\u2022 Rencontres trimestrielles entre acteurs de la transition alimentaire<br>\u2022 Des entrepreneurs pitchent et \u00e9changent avec des experts sur une th\u00e9matique choisie<br>\u2022 Partage de r\u00e9seaux<br>\u2022 Gratuit, ouvert aux entre\/intra-preneurs<br>\u2022 Possibilit\u00e9 de pr\u00e9senter votre entreprise et votre projet sur sc\u00e8ne<\/p>\n\n\n\n<p>&#x1f539;&#x1f539;&#x1f539;<\/p>\n\n\n\n<p>\u00c0 propos des organisateurs<br>Free pour Entreprendre est un r\u00e9seau d\u2019incubateurs-\u00e9tudiants belges qui inspire, stimule et connecte l\u2019\u00e9cosyst\u00e8me entrepreneurial des jeunes sur des th\u00e9matiques de transition \u00e9conomique &#8211; en savoir plus sur www.freepourentreprendre.be<br>La Maison Dandoy est la plus ancienne biscuiterie bruxelloise. Fond\u00e9e en 1829, elle est tenue par la septi\u00e8me g\u00e9n\u00e9ration de la m\u00eame famille. De g\u00e9n\u00e9ration en g\u00e9n\u00e9ration, l&#8217;entreprise familiale innove et adapte son savoir-faire artisanal aux nouveaut\u00e9s, cultivant son succ\u00e8s par une r\u00e9silience sans failles &#8211; en savoir plus sur www.maisondandoy.com<\/p>\n\n\n\n<p>Un \u00e9v\u00e9nement organis\u00e9 par Free pour Entreprendre et Dandoy en partenariat avec StartLab.Brussels, Venture Lab , Start.Lab ICHEC, Yncubator et Architempo.<\/p>\n\n\n\n<p><a href=\"https:\/\/www.eventbrite.be\/e\/billets-meet-up-food-transition-08092022-dandoy-x-free-pour-entreprendre-377166042787?aff=ebdsoporgprofile\">https:\/\/www.eventbrite.be\/e\/billets-meet-up-food-transition-08092022-dandoy-x-free-pour-entreprendre-377166042787?aff=ebdsoporgprofile<\/a><\/p>\n","protected":false},"excerpt":{"rendered":"<p>Meet Up Food Transition 08.09.2022 | Dandoy x Free pour EntreprendreFree pour Entreprendre x Dandoy vous invitent \u00e0 rencontrer des entrepreneurs sur le th\u00e8me de #alimentation #futur climatique \u00c0 propos de cet \u00e9v\u00e8nementMaison Dandoy et Free pour Entreprendre sont ravis &hellip;<\/p>\n<p class=\"read-more\"> <a class=\"more-link\" href=\"https:\/\/www.cocreationcamp.com\/cocreation\/ccc\/2022-ccc\/food-transition\/meet-up-food-transition-20220908\/\"> <span class=\"screen-reader-text\">Meet-up Food Transition 20220908<\/span> Read More &raquo;<\/a><\/p>\n","protected":false},"author":2,"featured_media":0,"parent":683,"menu_order":0,"comment_status":"closed","ping_status":"closed","template":"","meta":{"footnotes":""},"class_list":["post-752","page","type-page","status-publish","hentry"],"_links":{"self":[{"href":"https:\/\/www.cocreationcamp.com\/cocreation\/wp-json\/wp\/v2\/pages\/752","targetHints":{"allow":["GET"]}}],"collection":[{"href":"https:\/\/www.cocreationcamp.com\/cocreation\/wp-json\/wp\/v2\/pages"}],"about":[{"href":"https:\/\/www.cocreationcamp.com\/cocreation\/wp-json\/wp\/v2\/types\/page"}],"author":[{"embeddable":true,"href":"https:\/\/www.cocreationcamp.com\/cocreation\/wp-json\/wp\/v2\/users\/2"}],"replies":[{"embeddable":true,"href":"https:\/\/www.cocreationcamp.com\/cocreation\/wp-json\/wp\/v2\/comments?post=752"}],"version-history":[{"count":3,"href":"https:\/\/www.cocreationcamp.com\/cocreation\/wp-json\/wp\/v2\/pages\/752\/revisions"}],"predecessor-version":[{"id":758,"href":"https:\/\/www.cocreationcamp.com\/cocreation\/wp-json\/wp\/v2\/pages\/752\/revisions\/758"}],"up":[{"embeddable":true,"href":"https:\/\/www.cocreationcamp.com\/cocreation\/wp-json\/wp\/v2\/pages\/683"}],"wp:attachment":[{"href":"https:\/\/www.cocreationcamp.com\/cocreation\/wp-json\/wp\/v2\/media?parent=752"}],"curies":[{"name":"wp","href":"https:\/\/api.w.org\/{rel}","templated":true}]}}